).
-26
Let s(n) = n**2 - 6*n + 12. What is s(5)?
7
Let f(s) = 2*s + 16. Determine f(-9).
-2
Let x(d) = -4*d**2 + 19*d + 3. What is x(6)?
-27
Let c(v) = -9*v**2 + 123*v + 20. Give c(14).
-22
Let z(q) = -3*q + 22. Determine z(7).
1
Let c(f) = -2*f + 2. Give c(-9).
20
Let s(r) = -5*r**2 + r - 7. Determine s(3).
-49
Let j(r) = r**3 + r + 1. Calculate j(-1).
-1
Let q(f) = -f**2 + f + 8. Determine q(0).
8
Let l(b) = -b**2 - 47*b - 9. Give l(-47).
-9
Let z(x) = x**3 + x**2 - 29. What is z(0)?
-29
Let d(r) = -2*r**2 + 16*r - 5. Give d(5).
25
Let h(p) = -27*p + 214. Calculate h(8).
-2
Let v(u) = -u**2 + u - 3. Give v(7).
-45
Let s(q) = -3*q**2 - q. Calculate s(1).
-4
Let z(g) = 4*g - 6. Give z(-5).
-26
Let d(j) = j - 5. Calculate d(-8).
-13
Let z(t) = 18*t + 82. Give z(-5).
-8
Let q(f) = 18*f - 12. Calculate q(5).
78
Let a(w) = w**2 - w - 9. Determine a(5).
11
Let x(t) = t**2 - 37*t + 102. Determine x(34).
0
Let z(v) = v**2 + 27*v + 6. Calculate z(-27).
6
Let k(c) = -5*c + 2. Give k(4).
-18
Let q(h) = 2*h + 68. Give q(-30).
8
Let k(i) = i**3 + 10*i**2 + 23*i + 4. What is k(-7)?
-10
Let w(b) = -5*b**2 + 34*b - 54. Calculate w(5).
-9
Let d(l) = -l - 8. Give d(-7).
-1
Let b(d) = -d**2 - 2*d - 12. Determine b(-4).
-20
Let o(q) = -q**3 - q**2. Determine o(1).
-2
Let q(b) = -b**2 + 4*b + 28. Calculate q(8).
-4
Let i(a) = -a**3 - 8*a**2 - 5*a + 10. What is i(-7)?
-4
Let k(o) = -2*o + 28. Give k(0).
28
Let u(k) = -k**2 - 4*k + 56. Give u(-8).
24
Let r(f) = -f**3 + 5*f**2 - f + 4. Calculate r(4).
16
Let p(u) = -u**3 - 5*u**2 - 6*u - 49. Calculate p(-6).
23
Let d(h) = h**3 - 9*h**2 + 10*h - 9. Calculate d(8).
7
Let a(j) = -j**2 + 8*j + 10. What is a(5)?
25
Let k(m) = -2*m**3 - 7*m**2 - 5*m - 4. What is k(-4)?
32
Let u(b) = 3*b - 8. Calculate u(-9).
-35
Let v(l) = l**2 + 11*l + 35. Give v(-5).
5
Let h(w) = 2*w**2 + 6*w + 18. Calculate h(-8).
98
Let z(i) = 3*i + 54. Determine z(-19).
-3
Let z(f) = -f**2 + f + 1. Give z(0).
1
Let j(n) = 4*n**2 + 6*n + 4. Give j(-4).
44
Let b(n) = n**3 + 8*n**2 + 11*n + 11. Give b(-7).
-17
Let m(h) = -h**3 + 3*h**2 - 3*h + 3. Determine m(5).
-62
Let h(r) = 11*r**2 - 3*r - 4. Determine h(-1).
10
Let s(o) = -o + 32. Determine s(26).
6
Let i(y) = -y**2 + 9*y - 1. Calculate i(6).
17
Let s(z) = -2*z**2 - 3*z - 8. Determine s(-3).
-17
Let x(o) = -o**3 + 8*o**2 + 5*o + 29. What is x(9)?
-7
Let f(b) = 39*b + 261. Determine f(-7).
-12
Let x(y) = 9*y**3 + 2*y + 1. Give x(-2).
-75
Let h(p) = -p**3 - 7*p**2 + 13*p + 8. Determine h(-8).
-32
Let o(s) = -5*s - 6. Determine o(-3).
9
Let y(s) = s**3 + 19*s**2 - 19*s - 24. Calculate y(-20).
-44
Let m(f) = f**3 + f + 19. Give m(0).
19
Let p(u) = u**3 + 10*u**2 + 6*u - 30. Give p(-9).
-3
Let q(p) = p**3 - 4*p**2 - 5*p - 7. Determine q(5).
-7
Let j(m) = m + 11. Determine j(-14).
-3
Let j(w) = -w + 21. Calculate j(13).
8
Let a(q) = 18*q + 85. Determine a(-4).
13
Let j(t) = -t**3 + 3*t**2 + 4*t - 5. Determine j(3).
7
Let o(k) = 7*k**3 - 2*k**2 + 1. Calculate o(1).
6
Let n(u) = u**3 + 9*u**2 + 15*u + 29. What is n(-8)?
-27
Let s(f) = f**3 + 4*f**2 + 8*f + 9. Determine s(-5).
-56
Let k(x) = x + 12. Determine k(-15).
-3
Let f(u) = 32*u - 9. Give f(3).
87
Let g(u) = 49*u - 1. Give g(-1).
-50
Let q(n) = -2*n**2 - 13*n - 12. Give q(-5).
3
Let a(d) = -d**3 + 8*d**2 - 11*d + 6. Calculate a(7).
-22
Let v(i) = -i**3 - 21*i**2 - 51*i + 69. Calculate v(-18).
15
Let n(f) = -f - 29. Determine n(-26).
-3
Let i(t) = t**3 - 6*t**2 + 3*t - 6. Determine i(4).
-26
Let i(h) = h**3 + 2*h**2 - 25*h - 2. Calculate i(-6).
4
Let f(k) = -k**3 - 7*k**2 + 5*k + 5. What is f(-8)?
29
Let s(q) = q**2 + 25*q - 1. Calculate s(-27).
53
Let b(n) = n**3 + 30*n**2 - 37*n - 192. Calculate b(-31).
-6
Let r(w) = -w**2 + 3*w + 25. What is r(7)?
-3
Let o(x) = -6*x + 6. Give o(-2).
18
Let d(f) = f**3 - 18*f**2 - 90*f + 42. Calculate d(22).
-2
Let w(c) = -c**3 + 9*c**2 - 8*c + 5. Determine w(8).
5
Let g(u) = 2*u**3 + 69*u**2 + 30*u - 133. What is g(-34)?
3
Let d(v) = -2*v**2 + 7*v + 8. Give d(4).
4
Let g(a) = -6*a + 12. Determine g(4).
-12
Let c(o) = -5*o - 32. Determine c(-13).
33
Let m(w) = -4*w + 19. Give m(8).
-13
Let o(d) = d**2 + 2*d - 19. Determine o(4).
5
Let s(g) = -g**3 - 16*g**2 - 8*g - 22. What is s(-15)?
-127
Let h(i) = -i**3 - 16*i**2 + 17*i - 24. Calculate h(-17).
-24
Let k(b) = -26*b + 594. Give k(23).
-4
Let f(o) = -o**2 - 15*o - 11. What is f(-13)?
15
Let s(t) = 40*t**3 + 2*t - 1. Give s(1).
41
Let s(a) = -a**2 - 9*a - 8. Calculate s(-6).
10
Let h(l) = -l**3 + 4*l**2 - l + 3. What is h(3)?
9
Let p(g) = 2*g + 14. What is p(-15)?
-16
Let o(z) = 2*z**2 - 2*z - 7. Give o(3).
5
Let l(k) = -k**2 + 16*k - 15. Calculate l(9).
48
Let q(j) = j**3 - 7*j**2 + 11*j - 23. What is q(6)?
7
Let u(h) = -h**3 - 14*h**2 - 12*h - 29. Give u(-13).
-42
Let x(q) = -11*q + 23. Give x(-7).
100
Let h(g) = -100*g + 597. Determine h(6).
-3
Let z(n) = n**3 + 51*n**2 - n - 50. Give z(-51).
1
Let c(p) = -4*p - 12. Calculate c(-14).
44
Let s(h) = -50*h - 87. Calculate s(-6).
213
Let t(y) = -9*y - 40. Give t(-9).
41
Let b(s) = -s**3 + 6*s**2 + 12*s - 44. What is b(7)?
-9
Let v(s) = -s**2 + 2. Calculate v(3).
-7
Let j(b) = -3*b**2 - 21*b + 1. What is j(-7)?
1
Let f(n) = -2*n**2 + 21*n - 19. What is f(8)?
21
Let b(h) = -14*h**2 - 114*h - 7. Determine b(-8).
9
Let t(k) = -k**2 + 5*k + 3. Determine t(9).
-33
Let x(i) = 2*i**2 + 19. Calculate x(5).
69
Let n(p) = -22*p - 304. What is n(-13)?
-18
Let n(q) = 2*q**2 - 19*q - 39. What is n(-2)?
7
Let t(x) = x**3 + x**2 - x + 10. Determine t(0).
10
Let p(y) = y**2 - 4*y - 6. What is p(6)?
6
Let u(i) = -10*i**2 - 2*i - 1. Determine u(2).
-45
Let z(p) = 16*p**3 + 2*p**2 - p - 3. Determine z(-1).
-16
Let z(n) = 4*n**3 - 2*n**2 + n + 2. Give z(3).
95
Let d(q) = 6*q - 12. Give d(2).
0
Let z(n) = -19*n**2 - 154*n - 19. What is z(-8)?
-3
Let m(k) = k**2 + 5*k - 19. Give m(-8).
5
Let v(l) = l**3 + 16*l**2 - 12*l - 4. Calculate v(-17).
-89
Let b(w) = 4*w**2 - 8*w - 1. Calculate b(5).
59
Let n(f) = -17*f - 165. Give n(-12).
39
Let v(z) = -z**2 + 19*z - 63. Calculate v(15).
-3
Let g(j) = j**2 + 8*j + 6. Calculate g(-7).
-1
Let c(f) = 6*f + 29. Give c(-12).
-43
Let h(f) = 5*f**3 + 6*f**2 + 2*f + 1. Give h(-2).
-19
Let k(w) = -10*w + 14. What is k(4)?
-26
Let q(t) = -2*t**2 + 21*t - 15. What is q(10)?
-5
Let i(d) = 4*d - 15. Calculate i(8).
17
Let h(b) = -b**2 + 4*b. What is h(2)?
4
Let w(o) = -2*o**2. Give w(1).
-2
Let x(o) = -4*o**3 - 35*o**2 + 10*o - 1. Give x(-9).
-10
Let j(z) = -z**3 - 5*z**2 - 2*z. Calculate j(-3).
-12
Let i(l) = -2*l - 6. Calculate i(12).
-30
Let i(d) = -d**3 - 7*d**2 + 15*d + 44. What is i(-8)?
-12
Let j(w) = 2*w**2 + 2*w + 3. Calculate j(-2).
7
Let g(y) = 14*y**2 - 71*y + 8. Calculate g(5).
3
Let i(k) = 4*k**2 + 39*k - 5. What is i(-10)?
5
Let u(k) = k**3 - 2*k**2 + 2*k - 1. Determine u(2).
3
Let d(a) = 9*a**2 + 5*a - 1. Calculate d(-1).
3
Let t(c) = -c**2 - 14*c + 10. Calculate t(-13).
23
Let f(q) = -11*q + 5. Give f(6).
-61
Let v(b) = -b**3 - 34*b**2 - 19. Determine v(-34).
-19
Let l(k) = 18*k**3 + 2*k**2 - 5*k - 9. Calculate l(-2).
-135
Let u(a) = 2*a**2 - 23*a - 79. Give u(14).
-9
Let d(k) = k**3 - 6*k**2 + 5*k + 6. What is d(5)?
6
Let j(y) = -2*y**3 - 6*y**2 + 6*y - 2. Give j(-4).
6
Let g(u) = 3*u**3 - 3*u**2 - 5*u - 3. Calculate g(-1).
-4
Let z(g) = -2*g**3 - 4*g**2 - 9*g - 18. Give z(-3).
27
Let n(f) = -f**3 - f**2 - 2*f + 3. Give n(0).
3
Let n(t) = 31*t**2 - 1. Calculate n(1).
30
Let t(d) = -d**2 - 5*d + 4. Calculate t(-5).
4
Let w(y) = -y**3 - 6*y**2 - 6*y + 3. What is w(-5)?
8
Let i(f) = -f**3 - 10*f**2 - 9*f - 12. Give i(-6).
-102
Let d(w) = -4*w - 3. Determine d(-1).
1
Let a(m) = 6*m**3 + 2*m**2 - 2*m + 1. What is a(2)?
53
Let a(v) = v**2 + 16*v - 10. Calculate a(-16).
-10
Let l(z) = -z**3 - 5*z**2 + 13*z + 5. Determine l(-7).
12
Let w(z) = z**3 + 8*z**2 - 6*z + 10. What is w(-8)?
58
Let j(g) = g**2 + 5*g - 22. Calculate j(3).
2
Let z(j) = 10*j**3 + 3*j**2 + 3*j + 2. Calculate z(-2).
-72
Let v(a) = 47*a + 489. Calculate v(-10).
19
Let n(b) = -b**3 - 89*b**2 - 86*b + 183. Give n(-88).
7
Let v(j) = -2*j**2 + 2*j + 1. Determine v(-2).
-11
Let b(i) = i**3 + 14*i**2 + 25*i + 24. Give b(-12).
12
Let i(q) = 6*q**3 + 3*q**2 + 4*q + 2. Calculate i(-1).
-5
Let j(u) = u**2 - 4*u + 3. Give j(7).
24
Let o(x) 